{"id":57,"date":"2023-05-23T06:49:34","date_gmt":"2023-05-23T06:49:34","guid":{"rendered":"https:\/\/trekanten.danmarksveteraner.dk\/index.php\/newsletter\/"},"modified":"2023-05-25T08:53:46","modified_gmt":"2023-05-25T06:53:46","slug":"newsletter","status":"publish","type":"page","link":"https:\/\/trekanten.danmarksveteraner.dk\/","title":{"rendered":"Sidste nyt"},"content":{"rendered":"\n<h2 class=\"wp-block-heading\">Ny hjemmeside<\/h2>\n\n\n<div class=\"wp-block-image\">\n<figure class=\"aligncenter size-full\"><img loading=\"lazy\" decoding=\"async\" width=\"229\" height=\"272\" src=\"https:\/\/trekanten.danmarksveteraner.dk\/wp-content\/uploads\/2023\/05\/under-konstruktion.jpg\" alt=\"\" class=\"wp-image-65\"\/><\/figure>\n<\/div>\n\n\n<p>Foreningen har haft en del problemer med hjemmesiden, og har desv\u00e6rre v\u00e6ret n\u00f8dt til at starte forfra. Der arbejdes l\u00f8bende p\u00e5 at retablere og udbygge denne hjemmesiden til gavn for foreningens medlemmer.<\/p>\n","protected":false},"excerpt":{"rendered":"<p>Ny hjemmeside Foreningen har haft en del problemer med hjemmesiden, og har desv\u00e6rre v\u00e6ret n\u00f8dt til at starte forfra. Der<\/p>\n","protected":false},"author":1,"featured_media":0,"parent":0,"menu_order":0,"comment_status":"closed","ping_status":"closed","template":"","meta":{"two_page_speed":[],"footnotes":""},"class_list":["post-57","page","type-page","status-publish","hentry"],"_links":{"self":[{"href":"https:\/\/trekanten.danmarksveteraner.dk\/index.php\/wp-json\/wp\/v2\/pages\/57","targetHints":{"allow":["GET"]}}],"collection":[{"href":"https:\/\/trekanten.danmarksveteraner.dk\/index.php\/wp-json\/wp\/v2\/pages"}],"about":[{"href":"https:\/\/trekanten.danmarksveteraner.dk\/index.php\/wp-json\/wp\/v2\/types\/page"}],"author":[{"embeddable":true,"href":"https:\/\/trekanten.danmarksveteraner.dk\/index.php\/wp-json\/wp\/v2\/users\/1"}],"replies":[{"embeddable":true,"href":"https:\/\/trekanten.danmarksveteraner.dk\/index.php\/wp-json\/wp\/v2\/comments?post=57"}],"version-history":[{"count":5,"href":"https:\/\/trekanten.danmarksveteraner.dk\/index.php\/wp-json\/wp\/v2\/pages\/57\/revisions"}],"predecessor-version":[{"id":133,"href":"https:\/\/trekanten.danmarksveteraner.dk\/index.php\/wp-json\/wp\/v2\/pages\/57\/revisions\/133"}],"wp:attachment":[{"href":"https:\/\/trekanten.danmarksveteraner.dk\/index.php\/wp-json\/wp\/v2\/media?parent=57"}],"curies":[{"name":"wp","href":"https:\/\/api.w.org\/{rel}","templated":true}]}}